ded by h(3)?
2
Suppose h - 7 = -0*h. Let s(b) = -b**2 + b + 20. Let m(j) = -j**2 + 7*j + 8. Let k be m(8). Calculate the remainder when s(k) is divided by h.
6
Suppose -2*g = 2*g - 8. Let u(w) = 4*w. Let a be u(g). Suppose -5*k + a + 37 = 0. What is the remainder when k is divided by 5?
4
Let h(y) = 6*y + 10. Let n be h(-4). Let k = n - -24. Let i(a) = a**3 - a**2 - a + 37. What is the remainder when i(0) is divided by k?
7
Let v = -84 + 167. Calculate the remainder when v is divided by 28.
27
Let r = 11 + 10. What is the remainder when 39 is divided by (-8)/(-3)*r/4?
11
Let x = -4 - -8. Calculate the remainder when 10 is divided by x.
2
What is the remainder when 14*(90/(-140))/((-3)/16) is divided by 25?
23
Let x = 12 - 0. What is the remainder when 23 is divided by x?
11
Let r = -59 + 62. What is the remainder when (8/(-6))/((-4)/18) is divided by r?
0
Suppose 4*m + 144 - 148 = 0. What is the remainder when (-1)/(-1*1) - -1 is divided by m?
0
Suppose 13 + 9 = -2*g. Let o(m) = -m**2 - 12*m + 2. Calculate the remainder when 51 is divided by o(g).
12
Suppose -31 = -3*d - n - 0*n, 2*d + 2*n - 22 = 0. Let k = -1 + d. Calculate the remainder when ((-1)/(-1))/((-4)/(-60)) is divided by k.
6
What is the remainder when 101 is divided by (5/(-2))/((-85)/884)?
23
Let p = 154 + -138. What is the remainder when 62 is divided by p?
14
Suppose -2*a - 1 = 5. Let m(r) = -17*r - 1. Let q be m(a). Suppose 5*b - 10 - q = 0. Calculate the remainder when b is divided by 7.
5
Let f be (-1)/(((-6)/2)/27). Suppose -30 = -2*o + 4*q, 2*q = -2*o + f + 9. Calculate the remainder when 30 is divided by o.
8
Suppose 370 = 4*x - 0*x + 3*j, -354 = -4*x + 5*j. Suppose -5*m - 26 = -x. What is the remainder when 23 is divided by m?
10
Suppose -7*g + 9 = -516. What is the remainder when g is divided by 38?
37
Let u = -47 + 67. Let m(t) = 29*t**2. Let x be m(-2). Suppose 0 = c - 3*c + x. Calculate the remainder when c is divided by u.
18
Let j = 32 - 26. Calculate the remainder when 11 is divided by j.
5
Let g(b) = 5*b - 11. Calculate the remainder when g(6) is divided by 10.
9
Let u(v) = v**2 - 4*v - 10. Let z be u(8). Suppose 0 = -d - 0*d + 4*q + 38, -2*d + 2*q = -76. Calculate the remainder when d is divided by (4 - 6)*1 + z.
18
Suppose 5*x + 28 = 103. Suppose -2*j - 3*j = 3*i - 77, 2*i = -4*j + 50. What is the remainder when i is divided by x?
14
What is the remainder when 3*102/9 + -1 is divided by 12?
9
Let i be 38/2 - -2*2. Let w = i + -8. Suppose 2*d - 7*d = 2*k - 71, 5*d - 99 = -3*k. What is the remainder when k is divided by w?
13
Let i(v) = 17*v - 6. Let p(o) = -o - 2. Let z be p(-4). What is the remainder when 109 is divided by i(z)?
25
Let z = 5 + 0. Let l be (22 - (-2 - -1))*1. Suppose z*x = -v + 123, -v + 74 - l = 2*x. Calculate the remainder when 71 is divided by x.
23
Suppose 0 = 5*v - 5 - 15. What is the remainder when 25 is divided by v?
1
Let c = 20 + -6. Let q(n) = 3*n**2 + 5 - 7*n**2 + n**3 + 5*n - 3*n**2. What is the remainder when q(7) is divided by c?
12
Let c be 29/(-2) + (-30)/20. Calculate the remainder when 18 is divided by 10/(-4)*c/8.
3
Let z = 6 - 16. Let s be 2/(-5) + (-4)/z. Suppose 4*y - 2*j = 74, -2*y + 3*j + 7 + 32 = s. What is the remainder when y is divided by 10?
8
Suppose -16*s + 5*s = -825. What is the remainder when s is divided by 16?
11
Let u(k) = -k**3 + 6*k**2 + 5*k - 7. Suppose -n = -0*n - 8. Calculate the remainder when u(6) is divided by n.
7
Suppose -3*i + 3 = -6, -l - 3*i + 11 = 0. Suppose 0 = l*t - 28 - 4. Let q(n) = -n**3 - n**2 - 4*n - 3. Calculate the remainder when t is divided by q(-2).
7
Calculate the remainder when (1 - 166)*(-6)/10 is divided by 34.
31
Let j(n) = n + 7. Let w be j(-5). Suppose -y = -3*m - 4*y + 42, y = -w*m + 23. What is the remainder when 26 is divided by m?
8
Let l = -87 - -91. Let c(o) = -o**3 + 6*o**2 - 6*o + 5. Suppose 0*w - 16 = -4*w. What is the remainder when c(w) is divided by l?
1
Let g = -11 + 7. Let p = g + 10. Let k(m) = 2*m**2 - 7*m - 8. What is the remainder when k(p) is divided by 8?
6
Suppose 5 - 33 = -4*t. What is the remainder when t is divided by 2?
1
Suppose -1 = -c + 2. Calculate the remainder when 28*(6/c - 1) is divided by 13 + 6/((-2)/1).
8
Let v be 1/4 - (-33)/12. Suppose -4*q + 1 = -v*q. Let s(c) = 9*c**2 - c + 1. What is the remainder when 16 is divided by s(q)?
7
Suppose -7*f = -10*f + 57. Calculate the remainder when f is divided by 5.
4
Suppose x - 4 = -0. Suppose -x*v + 5*m + 24 = 0, 2*v - m - 3 = 3*v. What is the remainder when 1 is divided by v?
0
Suppose -5*q = -2*r - 193, q - 121 = -2*q - 4*r. Suppose -7*p + 2*p + 100 = 0. What is the remainder when q is divided by p?
19
Let f(c) = -c**3 + c + 11. Let p(n) = -n**3 + 7*n**2 + 8*n. Let g be p(8). What is the remainder when 20 is divided by f(g)?
9
Suppose 0 = -0*n - 2*n + 3*p + 6, -n + p + 3 = 0. Suppose -n*y + 5*y = 0. Suppose y*f = -3*f + 66. Calculate the remainder when f is divided by 8.
6
Suppose 0 = -2*d + 3*d + 3*n - 13, 5*n + 5 = d. What is the remainder when 89 is divided by d?
9
Suppose 0 = -2*k - 6*k + 488. Let b = -35 - -56. Calculate the remainder when k is divided by b.
19
Suppose 4*w - 2*o = -6, 6*w = 3*w + 4*o - 17. Let j(s) = -3*s. Let t be j(-2). Suppose -u = -t*u + 5. What is the remainder when u is divided by w?
0
Suppose 5*y - y - 4 = 0. Calculate the remainder when 2 is divided by y.
0
Let i = 32 + 6. What is the remainder when i is divided by 3?
2
Let l be (21/12)/(2/40). Suppose s + u - 10 = 0, 3*u - 5 = s - l. Calculate the remainder when s is divided by 8.
7
Suppose -3*f - 5*h + 12 = 0, -4*f - h = 2*h - 16. Suppose 7 = f*v - 125. What is the remainder when v is divided by 9?
6
Suppose 2*p = 5*o + 157, -4*o = 5*p + o - 340. Let d = -25 + 49. Calculate the remainder when p is divided by d.
23
Suppose d + d + 6 = 5*g, -4*g - 3*d = -14. Let f(a) = a. Let i be f(-4). Calculate the remainder when g is divided by ((-1)/(-2))/((-2)/i).
0
Let p = -117 + 185. What is the remainder when p is divided by 24?
20
Let f be 60/14 - (-2)/(-7). Let c be (2/f*10)/1. Suppose 4*r - 3*t = c, r - 6*r - t = -11. What is the remainder when r is divided by 1?
0
Suppose -7*h = -46 - 73. Suppose -2*g = -5*v - 0*v - 76, 0 = -3*v - 6. What is the remainder when g is divided by h?
16
Suppose -5*t + 3*s + 49 = 0, -52 = -t - 4*t + 4*s. Suppose 0 = 4*q - 3*q - t. What is the remainder when q is divided by ((-4)/(-6))/((-16)/(-72))?
2
Let u be (-1 + 4/(-6))*-57. Let f = u - 57. Suppose -w - f = -n + 3*w, 5*n + 3*w = 144. Calculate the remainder when n is divided by 16.
14
Suppose 0*n = -3*n + 15. What is the remainder when (7/2)/((-6)/(-24)) is divided by n?
4
What is the remainder when (-119)/(-3) - (-2)/6 is divided by ((-44)/33)/(2/(-21))?
12
Let x(y) = 3*y**2 + 2*y + 1. Calculate the remainder when 40 is divided by x(-2).
4
Let x = -5 - -2. Let m be (1 + x/6)*-2. What is the remainder when 28 is divided by (18/12)/(m/(-10))?
13
Let n = 219 + -211. What is the remainder when 37 is divided by n?
5
Let c(y) be the second derivative of y**4/12 - y**3/6 + 2*y**2 - 2*y. Calculate the remainder when (-6)/(-9) - (-278)/6 is divided by c(4).
15
Let k = 5 - 9. What is the remainder when (-2)/k*(15 + -1) is divided by -2*1*(-21)/14?
1
Let u = 26 - 19. What is the remainder when 17 is divided by u?
3
Let l = -2 + 19. Suppose -4*r = -5*j + 45, -2*r + 2 - 47 = -5*j. Calculate the remainder when l is divided by j.
8
Suppose -4*j + 8 = -172. Suppose -5*q + j + 60 = 0. Calculate the remainder when 61 is divided by q.
19
Suppose 485 = -l + 6*l. Calculate the remainder when l is divided by 33.
31
Let n = 2 + -2. Let k(c) = -c**2 + 44. Calculate the remainder when k(n) is divided by 23.
21
Suppose 4*z + 3*i = 618, 0*i + 771 = 5*z + 3*i. What is the remainder when z is divided by 22?
21
Suppose 3*v + 3*s + 6 = 0, 4*v + 5*s - 3 = -15. Suppose -13 + v = -a. What is the remainder when 32 is divided by a?
10
Let l = 17 + 3. Calculate the remainder when 56 is divided by l.
16
Calculate the remainder when 152/(-6)*(-39)/26 is divided by 22.
16
Suppose -5*b = -2*c + 14 + 6, -2*c - b = -32. Suppose 2*o = 36 + 48. Calculate the remainder when o is divided by c.
12
What is the remainder when 12 is divided by -3*(-3)/6*2?
0
Let m = -241 + 408. What is